- 1917. What are the prime factors of d?
2, 317
Suppose -3*s = -5*n - 0*s - 55, -15 = -3*s. List the prime factors of -1027*n/56 - (-4)/14.
3, 7
Let h = 52 - 40. Let k be 8/h*1287/6. Let i = 235 - k. List the prime factors of i.
2, 23
Let z = 19 + -17. Suppose 2*f - 5*q - 1033 = 0, -216 = -z*f - 5*q + 807. What are the prime factors of f?
2, 257
Let o = 108 - 5. Suppose 0 = 15*q - 183 + 963. Let v = q + o. List the prime factors of v.
3, 17
Let j = 87 - 86. What are the prime factors of -1*(-2790)/(6 - j)?
2, 3, 31
Let n(x) = x**2 + 10*x - 2. Let s be n(-10). What are the prime factors of s - 2 - ((-32)/(-8) + -78)?
2, 5, 7
Suppose -117 = -6*z + 39. Let t = z - 38. What are the prime factors of (-690)/t*(22/10 + -1)?
3, 23
What are the prime factors of (((-121575)/(-9))/(-5))/(21/(-126))?
2, 5, 1621
Suppose 936 = 3*k - 5*i - 357, 3*i = -k + 417. Let a = k - 77. What are the prime factors of a?
349
Let z(y) = 129*y - 567. List the prime factors of z(25).
2, 3, 443
Let d(v) = 3*v + 12*v + 30*v + 14 + 22. What are the prime factors of d(4)?
2, 3
Let a(w) = -2*w**2 + 159*w + 28949. What are the prime factors of a(0)?
28949
Suppose 0 = -z + 3*d + 5620, -z + 4385 = 4*d - 1270. List the prime factors of z.
5, 7, 23
Let d = 48664 + -18763. What are the prime factors of d?
3, 9967
Suppose 6228 = -20*p - 272. List the prime factors of 25/p - 17318/(-26).
2, 3, 37
Let k(h) = h**2 - 18*h + 53. Let t(l) = 2*l**2 - 19*l + 52. Let d(w) = -3*k(w) + 2*t(w). List the prime factors of d(-28).
281
Let o(r) = r**3 + 29*r**2 - 8*r + 76. Suppose 2*g + 27 = -5*a - 108, 0 = -4*g + 20. What are the prime factors of o(a)?
2, 7, 11
Suppose 466*a = 477*a - 30943. What are the prime factors of a?
29, 97
Let z(g) = -6*g - 40. Let j be ((-10)/(-6) + -1)/(12/36). Suppose j*r = -l - l - 40, -68 = 3*l - r. What are the prime factors of z(l)?
2, 23
Let j be (-4)/5*(13 + -18). Suppose -3*w + j*r + 3129 = 483, 3*w + r - 2646 = 0. List the prime factors of w.
2, 3, 7
Let t be (-5)/((-15)/(-12))*-1. Suppose -x - 195 = t*x. Let u = x + 140. What are the prime factors of u?
101
Suppose 98377 = 21*c - 76364. What are the prime factors of c?
53, 157
Let l = -23161 + 55979. List the prime factors of l.
2, 61, 269
Suppose -36 = 4*n + 3*b, n - 3*b - 1 = 5. Suppose -6*v - 71 + 47 = 0. List the prime factors of (1 - -31)*(v - n).
2
Let r(b) be the first derivative of -b**4/4 + 3*b**3 - b**2/2 + 12*b + 475. Let m(c) = 3*c**2 - c. Let d be m(-1). What are the prime factors of r(d)?
2, 11
Let t(z) = -z + 1 + z**2 + 4 + 3*z**2 + 10*z. Suppose -q - 23 = 3*b, -15 = -3*q + 6*q. What are the prime factors of t(b)?
5, 19
Suppose -13 + 91 = 5*z + 3*s, -2 = -2*s. Suppose -2*u + 838 = -4*f, -3*f = -0*f - z. List the prime factors of u.
3, 11, 13
Let p = 1110 - 646. Suppose h - p = 421. List the prime factors of h.
3, 5, 59
Let k be (0 + 2)/(34/85). Suppose -k*h + h = -916. What are the prime factors of h?
229
Suppose 30 = 65*a - 50*a. Let o(j) = j**3 - 9*j**2 - 8*j - 12. Let u be o(10). What are the prime factors of (126 - u/a)*3/6?
61
Suppose -86 + 315 = -5*c + q, -4*c - 2*q - 172 = 0. Let n = c + 44. What are the prime factors of n/4 + 591/12?
7
Let r = 33381 + -22533. List the prime factors of r.
2, 3, 113
What are the prime factors of 6/3 + 31153 - (-92)/(27 - 4)?
31159
Let k be 614/11 + (-4)/(-22). Let o = -6 + -12. Let j = k + o. What are the prime factors of j?
2, 19
Suppose 30*c + 18630 = 36*c. Let t = 6 + -4. What are the prime factors of (t/5)/(c/775 + -4)?
2, 31
Let s = -831 + 426. Let f = s + 1004. What are the prime factors of f?
599
Suppose 80*a - 7*a = 2*a + 214775. What are the prime factors of a?
5, 11
Suppose 18020 = 2*l - 3*b, -9011 = 49*l - 50*l + b. What are the prime factors of l?
9013
Let p = 17569 - 5769. Suppose -16*x + 17512 = -p. List the prime factors of x.
2, 229
Let r = -1124 - -2003. Suppose -r = -5*k - 24. List the prime factors of k.
3, 19
Let p = -277 + 212. Let c = 302 + p. List the prime factors of c.
3, 79
Suppose 44 = -s - 11. Let l = 39 - s. What are the prime factors of l?
2, 47
Let j be (-3)/(-6) - (-32571)/22. Suppose -5*t = 3*h - j, 3*t + t = -h + 482. What are the prime factors of h?
2, 251
Let t = -302 - -895. Suppose -5*p = 3*z - 2*z - t, 5*z - 2861 = p. What are the prime factors of z?
3, 191
Suppose 3835 = v - 2929*y + 2925*y, -v - y + 3865 = 0. What are the prime factors of v?
17, 227
What are the prime factors of (((-2121)/(-15))/(-7) - 2)/(1/(-1195))?
3, 37, 239
Let a = -11406 + 11408. Let j = 254 + 19. Suppose -4*r - a*n + 396 = 0, 4*r - 133 = 3*n + j. List the prime factors of r.
2, 5
Let d(l) = 213*l**3 - 3 + 4*l**2 - 215*l**3 + 3*l + 1 - 1. Let n be d(2). Suppose -c + 4*c - 339 = -n*r, 0 = -4*r + c + 432. List the prime factors of r.
109
Let h be -2 + 2602/8 - (-27)/36. Let x = 214 + h. List the prime factors of x.
2, 269
Let l be (((-90)/35)/(-6))/(-1)*-7. Suppose -l*v = t - 242, -5*v = -3*v. List the prime factors of t.
2, 11
Let c(p) = 2134*p**2 - 5*p - 16. List the prime factors of c(5).
53309
Let m(z) = -7878*z - 31. List the prime factors of m(-1).
7, 19, 59
Suppose -11508 = -3*b + 3*z, 66*b - 63*b + 5*z = 11532. What are the prime factors of b?
11, 349
What are the prime factors of (-1638558)/(-232) + 0 + 1/4?
7, 1009
Let i = -55 + 64. Suppose 6*t = i*t - 171. List the prime factors of t.
3, 19
List the prime factors of (-132)/(-440) + 489891/30.
2, 5, 23, 71
Suppose -r + 3524 = 3*g, -g = -119*r + 124*r - 17536. What are the prime factors of r?
2, 1753
Suppose 235864 = -66*t + 869992. What are the prime factors of t?
2, 1201
Suppose 5*s = 225 - 15. Suppose -2*r + s + 6 = 0. List the prime factors of r + 40/5 + -4.
2, 7
Suppose p - 4*p = r - 70960, -2*p - 212979 = -3*r. List the prime factors of r.
7, 10141
Let b(o) = 41*o - 2. Let p be 1 + (-10)/9 + 420/135. What are the prime factors of b(p)?
11
Let a(s) = -14*s**3 + 2*s**2 - 8*s + 97. List the prime factors of a(-11).
7, 389
List the prime factors of ((-24)/(-5))/((-46079)/(-11505) + 8/(-2)).
2, 3, 13
Let f(x) = 2*x**2 + 6*x - 3. Let y(v) = -2*v**2 - 8*v + 3. Let r(l) = -4*f(l) - 6*y(l). What are the prime factors of r(10)?
2, 317
Let q be 116/87*507/(-2). Let r = -193 - q. What are the prime factors of r?
5, 29
Let q be (175/14)/((-1413)/354 - -4). Let h = q - 885. What are the prime factors of h?
2, 5, 59
Let t = 10109 + 8839. What are the prime factors of t?
2, 3, 1579
Let w(f) be the first derivative of -f**4/4 + 8*f**3/3 - f**2 + 16*f + 13. Let u be w(8). Suppose u = -3*o + 14 + 10. List the prime factors of o.
2
Suppose 208920 = 111*i - 35058. List the prime factors of i.
2, 7, 157
Let m be (-3 + -1 - (-48)/18)/(32/(-72)). Suppose -b - 4*b + 840 = 0. Suppose 0 = -9*r - m*r + b. List the prime factors of r.
2, 7
Suppose 9*y - 4*i - 7310 = 6*y, -3*y - 4*i = -7270. Suppose -2*n = 2*a - 0*a - 992, -5*a = -5*n - y. List the prime factors of a.
491
Suppose -3*n + 125*i + 4743 = 128*i, 4*n - 2*i - 6306 = 0. What are the prime factors of n?
2, 3, 263
Let t(b) = 4*b**2 - 7*b + 7. Let m be t(5). Let x = -269 - -211. Let l = m + x. List the prime factors of l.
2, 7
Let o be (5/20)/(2/2776). Let t = o - 193. List the prime factors of t.
2, 7, 11
Let u = -15104 - -21912. Suppose 57*c - 20*c - u = 0. List the prime factors of c.
2, 23
Let z = 3483 + -1588. What are the prime factors of (5/(-25))/(3 + (-5686)/z)?
379
Suppose -5*b + 562 + 1647 = o, o + 437 = b. Suppose m - 7*u = -2*u + b, 6 = 2*u. What are the prime factors of m?
2, 3, 19
Let l be 2/12 - 47703/18. Let s = 3836 + l. List the prime factors of s.
2, 593
Let b(u) = -u**3 - 9 + 7*u**2 + 24*u - 28*u + 4*u**2 - 17*u. List the prime factors of b(8).
3, 5
Let u(g) = g**2 + 16*g - 24. Let z(t) = t**3 + 3*t**2 - 5*t - 4. Suppose 8*l + 12 = 4*l. Let p be z(l). What are the prime factors of u(p)?
3, 7, 13
Suppose 0 = 4*o - 39*b + 40*b - 8, -o + 5*b = -23. List the prime factors of o/(-1) - -16*50.
797
Let m be (-1 - 3)*(-5 + 12/3). Let n be (249 - m) + (-6)/(-2). Let y = n - 51. List the prime factors of y.
197
Suppose 4*y - 7*y + 6 = 0. Suppose 8*u = y*u + 78. Suppose -2*t + 210 = u*t. What are the prime factors of t?
2, 7
Suppose -495 + 1765 = 5*t. Let n = t - 364. What are the prime factors of 1 - (2 + n) - -2 - 1?
2, 5, 11
Let a be (-519